mposite?
False
Is 310886 a prime number?
False
Is 9189727 a composite number?
True
Is 318283447 prime?
True
Is 124923109 prime?
True
Is 276250183 a prime number?
False
Is 47482187 prime?
True
Is 507818147 a composite number?
False
Is 8217853 a composite number?
True
Is 36235273 a prime number?
True
Is 306886799 a prime number?
False
Is 7898041 a prime number?
False
Is 118421 composite?
True
Is 6750949 a prime number?
False
Is 40625503 a prime number?
False
Is 159995373 a prime number?
False
Is 1628824073 prime?
True
Is 6286957 composite?
True
Is 751537 a prime number?
False
Is 9609251 prime?
True
Is 192547022 composite?
True
Is 4414115 a prime number?
False
Is 43185451 composite?
False
Is 9957337 composite?
True
Is 15629561 prime?
True
Is 153782357 prime?
False
Is 2618717 a composite number?
False
Is 38321029 composite?
False
Is 158073229 prime?
False
Is 186044927 a composite number?
False
Is 94671571 a prime number?
True
Is 11453389 prime?
True
Is 1424327 composite?
True
Is 147677611 a composite number?
True
Is 274966753 composite?
True
Is 35145937 a composite number?
False
Is 14588167 a composite number?
True
Is 26646589 a prime number?
True
Is 12683591 prime?
True
Is 11263339 a prime number?
False
Is 1185179 a prime number?
True
Is 86247097 prime?
False
Is 10075297 a prime number?
True
Is 13863907 a prime number?
True
Is 6615467 composite?
True
Is 60475367 a prime number?
False
Is 351152435 a composite number?
True
Is 5001931 composite?
True
Is 34678219 a prime number?
False
Is 4773017 prime?
False
Is 12863329 a prime number?
False
Is 4908283 a composite number?
True
Is 11653909 a prime number?
True
Is 6467887 composite?
True
Is 7306559 composite?
True
Is 4703549 a prime number?
False
Is 6953483 a prime number?
True
Is 1690855 a prime number?
False
Is 4422881 prime?
True
Is 124273133 a composite number?
False
Is 94379743 a composite number?
False
Is 22127743 composite?
True
Is 1715523 a prime number?
False
Is 128535383 a prime number?
True
Is 645942985 a composite number?
True
Is 328499537 a composite number?
False
Is 11387083 a composite number?
True
Is 4390201 a prime number?
False
Is 39317203 a prime number?
True
Is 10832929 composite?
True
Is 31526021 a composite number?
False
Is 3509843 a prime number?
True
Is 2621737 prime?
True
Is 127042 a composite number?
True
Is 1580737 prime?
True
Is 89743889 a prime number?
False
Is 2843747 prime?
True
Is 3899473 prime?
False
Is 67965127 a prime number?
False
Is 619247 composite?
False
Is 24125249 a composite number?
True
Is 664133 a prime number?
True
Is 48158587 composite?
False
Is 4337701 composite?
False
Is 20292217 composite?
True
Is 16787059 prime?
True
Is 7215206 a composite number?
True
Is 5225369 prime?
True
Is 427649609 a prime number?
False
Is 19249 a prime number?
True
Is 32060939 composite?
True
Is 181160743 a composite number?
False
Is 58331459 a composite number?
True
Is 660367 prime?
True
Is 440603291 prime?
True
Is 449413879 prime?
False
Is 1898417 prime?
True
Is 186981661 a prime number?
False
Is 55547123 a prime number?
True
Is 31792031 a composite number?
True
Is 9628777 a prime number?
True
Is 1885159 composite?
False
Is 43392073 a composite number?
True
Is 36828767 a prime number?
False
Is 4500583 composite?
True
Is 1679383 prime?
True
Is 83791 prime?
True
Is 14677606 a composite number?
True
Is 16192765 prime?
False
Is 619746361 a composite number?
True
Is 1156763 composite?
True
Is 121960673 composite?
False
Is 820067 a prime number?
True
Is 71840507 a prime number?
True
Is 9277349 composite?
True
Is 2157989 a composite number?
False
Is 7886393 composite?
False
Is 8309599 a composite number?
False
Is 10103387 composite?
True
Is 31127401 prime?
False
Is 177137797 composite?
False
Is 141326 a composite number?
True
Is 5749593 a composite number?
True
Is 26920391 a composite number?
False
Is 503339 a prime number?
True
Is 84089431 prime?
True
Is 189892433 composite?
False
Is 62191159 prime?
True
Is 192061103 a prime number?
False
Is 195597263 composite?
False
Is 3301829 a prime number?
False
Is 10520209 prime?
False
Is 8372621 a composite number?
True
Is 505313 composite?
False
Is 1887727 prime?
True
Is 25853999 prime?
True
Is 16898311 composite?
True
Is 234649763 prime?
True
Is 11657 a composite number?
False
Is 11556367 composite?
True
Is 9495253 prime?
True
Is 80099277 a composite number?
True
Is 313227679 a composite number?
False
Is 26458693 a prime number?
True
Is 5313523 a prime number?
True
Is 13868659 a prime number?
False
Is 5037677 a prime number?
False
Is 553193035 a composite number?
True
Is 65183451 a composite number?
True
Is 6217103 prime?
True
Is 1906201 a prime number?
False
Is 6008147 a composite number?
True
Is 18433409 prime?
False
Is 1112119 composite?
True
Is 4481999 a prime number?
False
Is 27552401 composite?
True
Is 125815769 composite?
True
Is 702953 a composite number?
True
Is 90432223 a composite number?
True
Is 7654499 composite?
False
Is 2784791 a composite number?
False
Is 17547049 composite?
True
Is 146581 prime?
True
Is 1486943 a composite number?
False
Is 20585839 composite?
False
Is 4718419 composite?
False
Is 57588877 composite?
True
Is 303829553 a prime number?
True
Is 6477371 prime?
True
Is 43049618 prime?
False
Is 2052629 a prime number?
True
Is 1515541 a composite number?
False
Is 2870003 composite?
True
Is 146100281 a prime number?
False
Is 196217143 a composite number?
True
Is 44836709 prime?
False
Is 997627 composite?
False
Is 433403 prime?
False
Is 116410111 prime?
False
Is 28743907 a prime number?
False
Is 21873779 a composite number?
False
Is 125595863 prime?
True
Is 247519 a composite number?
False
Is 24573095 prime?
False
Is 47757367 composite?
True
Is 5582411 a composite number?
False
Is 701863 prime?
True
Is 37296799 a prime number?
True
Is 20448895 a composite number?
True
Is 109754783 a prime number?
True
Is 62375545 a composite number?
True
Is 2826317 composite?
True
Is 8681259 composite?
True
Is 42844757 prime?
True
Is 21542663 a prime number?
True
Is 12370597 composite?
False
Is 8738447 prime?
True
Is 28769799 prime?
False
Is 86242361 composite?
False
Is 4218061 composite?
False
Is 1294817 prime?
True
Is 121018459 composite?
False
Is 3585061 a composite number?
True
Is 3523855 a prime number?
False
Is 99287 a composite number?
True
Is 6616919 a composite number?
True
Is 31106869 a prime number?
False
Is 43462513 a composite number?
False
Is 36870859 a prime number?
False
Is 25730059 a prime number?
False
Is 400105 a composite number?
True
Is 6290567 prime?
True
Is 2140777 a prime number?
False
Is 29514259 a composite number?
True
Is 9952159 prime?
False
Is 24235327 composite?
True
Is 33373 composite?
True
Is 44624051 a prime number?
False
Is 485383 a composite number?
False
Is 4773599 composite?
False
Is 1245683 a prime number?
True
Is 6903419 prime?
True
Is 821801 a composite number?
False
Is 150407461 composite?
True
Is 11196431 a composite number?
True
Is 2799361 composite?
False
Is 105282013 composite?
False
Is 9146759 composite?
False
Is 3036461 a prime number?
True
Is 14215709 a composite number?
False
Is 7242409 composite?
False
Is 133257427 prime?
False
Is 1958101 prime?
False
Is 911240051 composite?
False
Is 1542941 a prime number?
True
Is 2140363 composite?
False
Is 20580974 prime?
False
Is 121131929 composite?
False
Is 9303031 composite?
False
Is 6787009 composite?
True
Is 697331 prime?
False
Is 11086001 composite?
True
Is 167834903 prime?
True
Is 4187149 prime?
False
Is 57643 a prime number?
False
Is 914272309 a prime number?
False
Is 456546719 composite?
True
Is 24767327 a composite number?
True
Is 655949167 a composite number?
True
Is 506142985 a composite number?
True
Is 2406912839 composite?
False
Is 2788237 prime?
False
Is 2989619 composite?
False
Is 101074817 prime?
False
Is 3806837 prime?
True
Is 44872117 composite?
False
Is 129682717 composite?
True
Is 53004449 a composite number?
False
Is 2401727 a composite number?
False
Is 15399199 composite?
True
Is 126731543 prime?
True
Is 22913945 a composite number?
True
Is 13197269 a composite number?
False
Is 80983267 prime?
True
Is 290791 composite?
False
Is 124181437 composite?
True
Is 2134059 prime?
False
Is 74095703 composite?
True
Is 1268899 compos